he units digit of ((-6)/(-2))/((-15)/12 - -2)?
4
Suppose 3*u = -3*m + 30, 3 = m - 1. What is the units digit of u?
6
Let x be 4/5*(12 - 2). Let v be (-5)/(15/6)*1. What is the units digit of 9/v*x/(-6)?
6
Let o = -12 - -17. Suppose -o*v = 14 + 11. What is the tens digit of -4*v*(-1)/(-2)?
1
Suppose -151 + 15 = -4*h. What is the tens digit of 1*3*h/6?
1
Let a = -1 + 2. Let i be -1 - 108/((-2)/a). Suppose 4*p - 5*h - i = 0, -p - 3*h + 6 = 2*p. What is the units digit of p?
7
Suppose 104 = f - 155. What is the units digit of f?
9
Let q(x) be the first derivative of -3*x**2/2 - 5*x + 2. What is the tens digit of q(-5)?
1
Let q(b) = -2*b**3 - 3*b**2 - b + 2. Let o(k) = -4*k + 8. Let d(p) = -5*p + 9. Let s(h) = -5*d(h) + 6*o(h). Let j be s(-5). What is the units digit of q(j)?
8
Suppose -5 + 0 = 5*h. Let u = 8 - h. What is the units digit of u?
9
Let u(h) = -3*h - 8. Let w be u(6). Let i = -16 - w. What is the units digit of i?
0
Suppose -5*n + 3 = -17. Suppose 2*h - 7*h = n*p - 18, -4*h + 36 = -4*p. What is the units digit of h?
6
Let z(n) = 14*n**2 + n - 7. What is the hundreds digit of z(-3)?
1
Let f be (-6 - (1 + -2))*15. Let k be f/(-12)*4/1. Let b = k + -17. What is the units digit of b?
8
What is the units digit of 3/15*3*20?
2
Let y(z) = 3*z + 3. Let h(b) = 7*b + 7. Let c(d) = -2*h(d) + 5*y(d). Let x be c(-1). Suppose -5*m - 15 = 0, m - 8 = -j - x*m. What is the units digit of j?
1
Let o = 7 - 7. Suppose -4*a - 112 = -o*a. Let d = -13 - a. What is the units digit of d?
5
Suppose 210 = -2*j + 4*j. Let b be (2/(-5))/((-3)/j). Suppose 0 = 2*a - 4*z - 22, 0*a = -4*a - 2*z + b. What is the units digit of a?
5
What is the units digit of (-3)/(-9) - 122/(-3)?
1
Suppose 3*l = y - 4*y + 12, 2*l + y = 3. What is the tens digit of 8 + l*(1 - 4)?
1
What is the units digit of (16/40)/((-4)/(-410))?
1
Let y = -2 + -7. Let o be (-3)/y - 160/(-6). Let h = -14 + o. What is the tens digit of h?
1
Let s(a) = -a**3 + 15*a**2 - 13*a + 10. What is the tens digit of s(14)?
2
Let c(l) = l**2 + 8*l + 11. Let y be c(-8). Let n = y - 2. What is the units digit of n?
9
Let h = -9 + 15. Let a be -12*6*h/27. Let q = a + 24. What is the units digit of q?
8
Suppose 5*z = 100 + 125. What is the units digit of z?
5
Let x = 6 - 4. Suppose -3*p + p - 12 = 0. What is the units digit of (-22)/p - x/3?
3
Let l(f) = -f**3 + f**2 - 2*f - 2. Let r be l(-2). Suppose -r = -3*x - x + 5*t, -20 = -5*x + 5*t. What is the units digit of x?
6
Let y be (-20)/(-6)*18/12. Suppose 4 = y*i - 61. Let d = -10 + i. What is the units digit of d?
3
Let i be 2/(-8) - 5/(-20). Let q = 5 + i. What is the units digit of q?
5
Let s(d) = 4*d**2 - 4*d + 2. Let g be s(2). Suppose 0 = 5*j + g - 35. What is the units digit of j?
5
Suppose 12 = 3*p + 2*q - 25, q = -3*p + 35. Suppose -9 = 2*i + 7. Let m = p + i. What is the units digit of m?
3
Suppose 0*y = -y - 3*s + 53, -4*y - 4*s + 172 = 0. What is the units digit of y?
8
Suppose y = -3*y + 76. Let q = y + -11. Suppose -2*o - q = -r, 0*r + 2*r = -5*o + 16. What is the units digit of r?
8
Suppose 0*s + 13*s = 1807. What is the units digit of s?
9
Suppose -o + 12*o = 1496. What is the hundreds digit of o?
1
What is the tens digit of (-3)/(2/10*90/(-264))?
4
What is the tens digit of (-1)/(-6) + (-565)/(-30)?
1
Let v be (-6)/(-9)*(2 - 5). Let r be (6/(-4) - v)*0. Suppose f = 2*u - 3*f - 54, r = -4*u + f + 80. What is the units digit of u?
9
Let m = 591 - 338. What is the units digit of m?
3
Let h(g) = 6*g + 11. What is the units digit of h(9)?
5
Let w = 1 - 0. Let q(b) = 13*b - 2. Let a(d) = -6*d + 1. Let r(n) = 7*a(n) + 4*q(n). What is the units digit of r(w)?
9
Let d(o) = -o**3 - 5*o**2 - 6*o - 7. Let g be (15/9)/((-1)/3). Let v be d(g). Suppose -3*c + 25 = -5*z, 4*z - 5*z = 5*c - v. What is the units digit of c?
5
Let q(w) = 1. Let j(r) = -r + 6. Let l(k) = -j(k) + 4*q(k). What is the units digit of l(5)?
3
Let f(g) = -3*g**2 + 5*g + 3. Let r be f(-3). Let h = -23 - r. Suppose h = z + w, z = -z - 5*w + 41. What is the units digit of z?
3
Let o(l) = 13*l**3 - 2*l**2 - 2*l. Let x be o(-2). What is the units digit of 1/4 - x/16?
7
Let i = 1 - 5. What is the units digit of i/(-3) - (-4)/6?
2
Suppose -2*k + 20 = 4*p, 2*p + 3*k - 20 = -2*p. Suppose 5*b + 2*x = b + 18, -p*x + 25 = 0. Suppose g - 3*g = -b. What is the units digit of g?
1
What is the units digit of (11 + -2)*(47/3 - -1)?
0
Let p(o) = 25*o - 1. Let c be p(-1). Let g = c + 36. What is the units digit of g?
0
Let q be -8*7*(-1)/4. Suppose -4*p = -2*p - q. What is the units digit of p?
7
Suppose 0 = -2*j - u + 6 - 14, -3*j = u + 12. Let z be (-46)/8 + 1/j. What is the units digit of (-24)/(-9)*z/(-4)?
4
Suppose -3*t = -x - 171, 3*t - 2*x - 176 = -2. What is the units digit of t?
6
Let l = 16 + -31. Suppose -25 = 3*k - 2*k. What is the units digit of (l/k)/((-1)/(-15))?
9
Let l(p) = p + 1. Let k(j) = 14*j + 10. Let x(g) = k(g) - 12*l(g). Suppose -5*f - 3*c = -30, 0 = -5*f + 2*c - 3*c + 30. What is the units digit of x(f)?
0
Let t = 3 - 1. Suppose -t*c - 80 = -7*c. Suppose -4*i + c = -2*g, 4 = 3*i - 2*g - 6. What is the units digit of i?
6
Suppose s - 4 = 5. Let j(u) = -u + 13. Let a be j(s). Suppose 4 = a*w - 0. What is the units digit of w?
1
Let h be (0 + (-2 - 0))/(-2). Let p = 16 - h. What is the tens digit of p?
1
Let n(r) = r**2 + 6*r + 2. Let z be n(-10). Suppose -2*i - z = -5*i. What is the tens digit of i?
1
Let f(a) = 2*a**2 + 6*a + 9. What is the tens digit of f(-6)?
4
Suppose 4*m - 88 = -12. Suppose -3*z + 11 = -m. What is the tens digit of z?
1
Let w = 14 + 3. Suppose -2*l = -t + l - 9, t - 5*l = -w. Suppose t*n - 5*i = 24, -3*n + 21 = -2*i - 2*i. What is the units digit of n?
3
What is the units digit of (-1884)/(-27) - 6/(-27)?
0
Let l = 396 + -256. What is the units digit of l?
0
Let u(s) = 3*s**2 - 3*s. Let o be u(-3). Let p(m) = -9*m - 4. Let r be p(-6). Let q = r - o. What is the units digit of q?
4
Suppose 2*w - 260 = -2*w - d, 12 = -3*d. What is the tens digit of w?
6
Suppose -2*s = 5*h + 3*s - 5, s = -1. What is the units digit of h/(-1)*231/(-14)?
3
Suppose -4*y = -4*j, j + 2*y + 3 = -0*j. Let v(u) = 3*u**2. What is the units digit of v(j)?
3
Suppose -t = -10 + 7. What is the units digit of t?
3
Suppose z = -z - 5*i - 2, z + 4 = -4*i. What is the units digit of ((-1)/(-3))/(z/132)?
1
Let a(h) = h + 9. Let b be a(-9). Suppose b*w + 2*w - 30 = 0. What is the units digit of w?
5
Let p = -10 + 5. Let h be ((-6)/(-8))/(p/20). What is the units digit of (2 + -5)/h*12?
2
Suppose 66 = -4*g - 2*p, -3*p - 3 = 6. What is the tens digit of (-357)/g - (-2)/10?
2
What is the units digit of (-3)/(-1) + -5 - -82?
0
Suppose 43*c - 48*c = -490. What is the tens digit of c?
9
Let l(x) = -6*x**3 - 5*x**2 - x + 7. What is the tens digit of l(-3)?
2
Let p be -1 + ((-36)/1)/(-3). Let g = p - 5. What is the units digit of g?
6
Let s(f) = -f**2 + 4*f + 3. Let z be s(4). Suppose z*y - 7 = 2*y. What is the units digit of y?
7
Let n = -21 - -13. Let u = -4 - n. Suppose -29 = -u*g - a, 0 = a + 2*a - 3. What is the units digit of g?
7
Let v(y) = -y. Let j be v(-3). Suppose j*r = 4*r - 7. What is the units digit of r?
7
Suppose w = 5*t + 2, -18 = 3*t - 0*t + 5*w. Let m be 19*-1*(t + 0). Let g = -11 + m. What is the units digit of g?
8
Let v(u) = u**2 - 4*u - 18. What is the units digit of v(8)?
4
Suppose -4*g + 5*t = -30, 0 = -2*g + 4*t - 1 + 19. What is the units digit of (2/(-5))/((-2)/g)?
1
Let i(f) = -f**2 - 3*f + 9. Let q be i(-7). Let k = q - -27. What is the units digit of k?
8
Suppose -4*l = -3*h + 122, -4*h + 39 + 72 = 5*l. Suppose 5*q + 12 - h = -3*y, -5*q = -4*y + 41. What is the units digit of y?
9
Suppose -4*i + 132 = -4*t, 5*i - 103 = 2*i + 4*t. Suppose -i - 19 = 4*p. Let q = 21 + p. What is the units digit of q?
9
Suppose -2*u - 129 = -5*u + 3*l, 5*u = 3*l + 205. What is the units digit of u?
8
Let z = 9 + 30. Let q be (-36)/10*60/9. Let a = z + q. What is the tens digit of a?
1
Let d = 17 - -7. Let u = d + -9. Suppose -3*p - u = -7*p - g, 0 = 4*p + 4*g - 24. What is the units digit of p?
3
Suppose -10*c + 1233 = -c. What is the tens digit of c?
3
Suppose 4*c = -3*x + 1 - 16, 0 = 5*c - 4*x + 11. Let b = c - -5. What is the units digit of b - -1 - 3/(-1)?
6
Let w = -35 + 21. Let y = w - -27. Wha